 4*h. Suppose -4*z - t = -4*r, 0*r - 5*r + z = 5. Is (36 - 4) + (-6)/r a composite number?
True
Suppose 3*x = 32 - 11. Let n(w) = 41*w + 4. Is n(x) a prime number?
False
Suppose -2*b + 4*b = 6. Let w be 6/b + 14*15. Suppose -3*f + 7*f = w. Is f composite?
False
Suppose -o + 1105 = 5*m, 0*m + 2*o = 3*m - 663. Is m a composite number?
True
Let w = 1 - 1. Let s(h) = h + 39. Is s(w) a prime number?
False
Suppose -22 = -5*s + 4663. Is s a prime number?
True
Let z = 661 + -362. Is z + (-7)/((-7)/2) a composite number?
True
Suppose -2*r = 3*w - 879, 1172 = 4*w - 0*r + 2*r. Is w a composite number?
False
Suppose -x + 0 = -4. Suppose p - 3*o = 2*o - 17, x = -4*p + 4*o. Is 2 + p - (0 - 2) prime?
True
Let n = 3 + -9. Is (68/n)/((-10)/105) a prime number?
False
Suppose 5*l - c - 487 = 4*l, 2*c - 499 = -l. Is l a composite number?
False
Suppose 70*f = 65*f + 1175. Is f prime?
False
Suppose -3*f = 2*g - 22, 2*g + 3*f = -g + 27. Is 603*(2 + g/(-3)) a composite number?
True
Is -1 + (334*-2)/(-4) a composite number?
True
Let z = 243 + -86. Suppose -3*o + 108 + 125 = 4*k, 2*o - z = -k. Is o prime?
True
Let q be (-3)/(-9)*3 - -10. Let b = q + -3. Is b/(-20) + (-154)/(-10) a prime number?
False
Suppose 4*s = -12*s + 992. Is s prime?
False
Suppose 6*h - 2*h = 7432. Is h a prime number?
False
Let y be (-3 - -1) + (-5 - -8). Suppose -g - 4 = y. Let v = 14 - g. Is v a prime number?
True
Let a be 46/8 - 9/12. Suppose 5*q + 2*t + 2*t - 381 = 0, a*q - 386 = t. Is q a composite number?
True
Suppose -4*b - 88 = -5*d, d - 70 - 40 = 5*b. Let j = b - -165. Is j a composite number?
True
Suppose -3*z = 4*m - 362, z + 0*m + m - 119 = 0. Suppose -3*g + 3*j + z = 0, -42 = -g + 3*j + 2. Is g a prime number?
False
Let w(p) = -3*p**2 - 1. Let f be w(-1). Let d(b) = b**3 - 2*b**2 + b + 5. Let k be d(f). Let v = k - -180. Is v a prime number?
False
Let h(c) = -3 + 3*c - 3*c**2 + 6*c**2 - c**2 + 0. Let x be h(-5). Suppose -x = -g + 19. Is g composite?
True
Let w(c) = 4*c**2 - 4*c + 7. Let m be 6/9*3 + 4. Is w(m) composite?
False
Let s be (-1 - 1)*(-11)/2. Suppose 7*i + 132 = s*i. Is i a prime number?
False
Suppose -4*j = -4*d + 1024, d - 6*d + j = -1268. Is d prime?
False
Is 2/(-2) - (-1 - 67) a prime number?
True
Let n(z) = 0 + 3 + z**3 - 2*z - 2. Is n(4) a composite number?
True
Let v = -14 + 35. Suppose 2*i = i + v. Is i a composite number?
True
Let j = 260 + -37. Is j prime?
True
Suppose -o - 4*f - 41 = -121, -308 = -4*o - 4*f. Suppose -b + 0*b = 3*g - 9, -26 = -5*g + 2*b. Suppose g*r = -0*r + o. Is r a composite number?
False
Let j = 253 - 108. Let v = j + -88. Is v a prime number?
False
Is (-20)/(-90) - 3175/(-9) a prime number?
True
Suppose 5*w + 11 = -v - 40, 2*v - 8 = w. Let g = 3 - w. Is g a prime number?
True
Suppose -5*j + 879 = -4*j. Is j a composite number?
True
Is (2/(-3))/((-2)/753) a prime number?
True
Suppose -7*r + 0*r + 7609 = 0. Is r composite?
False
Let d = 1307 - 820. Is d composite?
False
Let f = -3 - 16. Is (1 + 21)*f/(-2) a composite number?
True
Let p(l) be the second derivative of l**4/2 - l**3/6 - l**2/2 + 4*l. Let n be p(-3). Suppose t - v - n - 61 = 0, 8 = -4*v. Is t prime?
False
Let n(l) = -4*l**3 - 9*l**2 - l - 17. Is n(-7) prime?
False
Suppose 0 = -3*n - 130 + 703. Is n prime?
True
Let i(v) = -4138*v + 11. Is i(-2) prime?
True
Let y(g) = 71*g - 1. Let r be y(6). Let a = r + -268. Is a a prime number?
True
Let c(h) = -h - 2. Let q be c(-5). Suppose -i + 4 = -0, 3*i + 279 = q*w. Is w composite?
False
Suppose s - 2*o - 17 = 2*s, s + 5*o + 29 = 0. Suppose -3*p - 3*m = m - 23, 2*m = 4. Let v = p - s. Is v prime?
False
Let k be (-487)/(-2) + 3/(-6). Suppose -4*c + 137 + k = 0. Is c a prime number?
False
Suppose 609 = -n + 4*n. Is n a composite number?
True
Let c be -6 + 2*3/2. Let p be 20/6 - (-1)/c. Is (9/p)/(-3) - -78 a prime number?
False
Let l be (-2)/(2/(-18)*-2). Let p = -7 - l. Suppose 0 = -0*d + p*d - 46. Is d a composite number?
False
Let f be 138/4*(5 - 3). Suppose -2*i + f - 17 = 0. Let o = i + -7. Is o composite?
False
Suppose 5*l - 3365 = -0*l. Is l a prime number?
True
Suppose o + 766 = 4*o - m, o = 4*m + 270. Is o a prime number?
False
Let h be (-12)/54 - (-2218)/18. Let x = 232 - h. Is x prime?
True
Let n be (-48)/30*90/(-4). Suppose 0 = 3*r - 147 + n. Is r a composite number?
False
Let i(g) = -3*g**3 - 5*g**2 + 3*g - 5. Is i(-6) a prime number?
False
Let a(o) = o**3 - o**2 - 2*o + 1. Suppose -g = -5*j + 14, -5*g - 4 = -4*j + 3. Is a(j) a composite number?
False
Let y(s) = 24*s**2 - 5*s + 2. Is y(3) a composite number?
True
Suppose -5*a + 700 = -p, 2*a - 124 = a - 3*p. Suppose 3*r - 2*m - a = -0*r, 2*r = -5*m + 118. Is r a composite number?
True
Let b(t) = t - 4. Suppose -4*n + 77 = 3*h + 14, 0 = -5*n + 2*h + 73. Suppose n = -3*u, -19 = -2*l - 0*u + u. Is b(l) a prime number?
True
Suppose 5*g - 25 = -0*g. Suppose 0*u = -5*u - g. Let c(b) = -76*b + 1. Is c(u) prime?
False
Let w(u) = 8*u**3 + 4*u**2 + 3*u - 5. Is w(4) prime?
False
Let y = 11829 - 6736. Is y a composite number?
True
Let v be 730/4 - 4/(-8). Let q = v + -104. Is q prime?
True
Let s(y) = 39*y + 23. Let v(n) = -19*n - 12. Let g(w) = -3*s(w) - 5*v(w). Let q be g(-6). Suppose 5*o - 2*t - q = 0, -5*t = 3*o - 2*t - 78. Is o composite?
True
Suppose -2*d + 7 = p, -3*d - 5 = p - 7*d. Let y be p + -1 + (-526)/2. Let l = 410 + y. Is l a composite number?
False
Let v(p) = 216*p**3 + 2*p - 1. Let c(t) = t**3 - t**2 - 1. Let x be c(2). Let d be (1/(-2))/(x/(-6)). Is v(d) a composite number?
True
Let r be (1/(-2))/((-2)/24). Let q(i) = 3*i - 7. Is q(r) a composite number?
False
Let s(h) be the third derivative of 0 + 0*h**3 - 11/24*h**4 + 0*h - 4*h**2. Is s(-5) a composite number?
True
Suppose -5*t + 0*t - o = -172, -4*t - o = -137. Is t a composite number?
True
Let c = 2659 - 1880. Is c composite?
True
Let x(s) = 41*s - 2. Let f be x(2). Suppose 0 = 3*b - 9, 2*d - d - b = f. Is d composite?
False
Suppose v = 1 - 4. Let y(t) = -t**3 - t - 3. Let u be y(v). Let i = -16 + u. Is i prime?
True
Is 8166/9*(-3 + -4 + 10) prime?
False
Suppose 8*l = 2*o + 4*l - 178, 5*l - 75 = -o. Is o a prime number?
False
Suppose -4*s + 9*s - 35 = 0. Let f = s + -1. Is 3/(f/(-31))*-2 a composite number?
False
Let n(y) = 9*y - 2. Let w(q) = -q. Let a(o) = n(o) + 6*w(o). Suppose 2*p - t - 8 = 5, 4*t = -p - 16. Is a(p) a prime number?
False
Suppose 0 = -3*u - 3, -4*p - 4*u - 7 + 19 = 0. Suppose -j + p*l + 65 = -0*l, 3*j = -l + 169. Let d = j - 35. Is d a composite number?
True
Suppose -3*v - z + 9 = -4, 17 = 4*v + z. Suppose -v*i + 27 = 4*y + 71, 0 = -y + i - 9. Is (-26)/y - (-2)/5 a prime number?
True
Let s(h) = 2*h**3 + 21*h**2 - h + 1. Let t(p) = p**3 + 10*p**2. Let u(f) = -2*s(f) + 5*t(f). Is u(-6) composite?
True
Let t = -615 - -1136. Is t a composite number?
False
Let m(z) = 13*z**2 + 9*z - 1. Is m(6) prime?
True
Suppose -l + 3*l - 92 = 0. Is l a prime number?
False
Let o(r) = 9*r - 7*r**2 + 2 + 5 + 6*r**2. Let g be o(5). Suppose -5*n = -2*q + 272, 2*n + g = 2*q - 251. Is q a prime number?
False
Suppose -b = n + 2*n - 146, 3*b - 445 = -2*n. Is b composite?
False
Suppose 0 = 5*q - 388 + 33. Suppose 4*g - q = 61. Is g a composite number?
True
Let w(v) = -28*v + 1. Let t = -9 - -8. Let o be w(t). Is 5*o*(-4)/(-10) composite?
True
Let o(c) = 2*c**3 + 7*c**2 - 16*c + 17. Is o(8) a composite number?
False
Suppose 4*k - 8 = 2*k. Suppose -i = -k*i + 273. Is i a composite number?
True
Let n = 0 - 1. Let q = n + 4. Suppose 0 = 3*u + q, -3*u = g - u. Is g composite?
False
Let s = -16 + 15. Is s*(-2)/(8/1268) composite?
False
Suppose 3*x = -2*x + 105. Is x a composite number?
True
Let d = 2 - 1. Let i(a) = 7*a - 1. Let b be i(d). Is (2/b)/((-1)/(-159)) a prime number?
True
Suppose 5*h + 7 - 162 = 0. Suppose w - h = 8. Is w composite?
True
Suppose 5*s = 3*v + 11656, -3*v - 760 = -s + 1564. Is s composite?
False
Suppose 12 = 2*j + j. Suppose 0 = s + j*s - 385. Is s prime?
False
Let d(z) = z**3 - 9*z**2 + 15*z - 12. Let r be d(10). Suppose -2*o + r = 34. Suppose 2*y - o + 24 = 0. Is y a composite number?
True
Let l = 143 - -272. Is l a prime number?
False
Suppose -2*i + 323 = -5*z, 0*i + 5*i = 5*z + 770. Is i prime?
True
Let r = 2 - 0. Suppose 4*n - x - 26 = 0, r*x + 1 = -5*n + 27. Is 9*6 + -5 + n composite?
True
Suppose 5*n